{"id":349,"date":"2021-05-14T08:18:37","date_gmt":"2021-05-14T08:18:37","guid":{"rendered":"https:\/\/nokermani.lv\/?page_id=349"},"modified":"2025-12-27T11:33:03","modified_gmt":"2025-12-27T11:33:03","slug":"parmums","status":"publish","type":"page","link":"https:\/\/nokermani.lv\/?page_id=349","title":{"rendered":"Par Mums"},"content":{"rendered":"\t\t<div data-elementor-type=\"wp-page\" data-elementor-id=\"349\" class=\"elementor elementor-349\">\n\t\t\t\t\t\t<section class=\"elementor-section elementor-top-section elementor-element elementor-element-9e2aff0 elementor-section-height-min-height elementor-section-boxed elementor-section-height-default elementor-section-items-middle\" data-id=\"9e2aff0\" data-element_type=\"section\" data-settings=\"{&quot;background_background&quot;:&quot;classic&quot;}\">\n\t\t\t\t\t\t\t<div class=\"elementor-background-overlay\"><\/div>\n\t\t\t\t\t\t\t<div class=\"elementor-container elementor-column-gap-no\">\n\t\t\t\t\t<div class=\"elementor-column elementor-col-100 elementor-top-column elementor-element elementor-element-c0d1958\" data-id=\"c0d1958\" data-element_type=\"column\">\n\t\t\t<div class=\"elementor-widget-wrap\">\n\t\t\t\t\t\t\t<\/div>\n\t\t<\/div>\n\t\t\t\t\t<\/div>\n\t\t<\/section>\n\t\t\t\t<section class=\"elementor-section elementor-top-section elementor-element elementor-element-a1fbe58 elementor-section-boxed elementor-section-height-default elementor-section-height-default\" data-id=\"a1fbe58\" data-element_type=\"section\" data-settings=\"{&quot;background_background&quot;:&quot;classic&quot;}\">\n\t\t\t\t\t\t<div class=\"elementor-container elementor-column-gap-no\">\n\t\t\t\t\t<div class=\"elementor-column elementor-col-100 elementor-top-column elementor-element elementor-element-527f5ce\" data-id=\"527f5ce\" data-element_type=\"column\">\n\t\t\t<div class=\"elementor-widget-wrap elementor-element-populated\">\n\t\t\t\t\t\t<div class=\"elementor-element elementor-element-efc4863 elementor-widget elementor-widget-heading\" data-id=\"efc4863\" data-element_type=\"widget\" data-widget_type=\"heading.default\">\n\t\t\t\t<div class=\"elementor-widget-container\">\n\t\t\t\t\t<h2 class=\"elementor-heading-title elementor-size-default\">Kas m\u0113s esam?<\/h2>\t\t\t\t<\/div>\n\t\t\t\t<\/div>\n\t\t\t\t<div class=\"elementor-element elementor-element-95703c5 elementor-widget-divider--view-line elementor-widget elementor-widget-divider\" data-id=\"95703c5\" data-element_type=\"widget\" data-widget_type=\"divider.default\">\n\t\t\t\t<div class=\"elementor-widget-container\">\n\t\t\t\t\t\t\t<div class=\"elementor-divider\">\n\t\t\t<span class=\"elementor-divider-separator\">\n\t\t\t\t\t\t<\/span>\n\t\t<\/div>\n\t\t\t\t\t\t<\/div>\n\t\t\t\t<\/div>\n\t\t\t\t<section class=\"elementor-section elementor-inner-section elementor-element elementor-element-78ef0b7 elementor-section-boxed elementor-section-height-default elementor-section-height-default\" data-id=\"78ef0b7\" data-element_type=\"section\">\n\t\t\t\t\t\t<div class=\"elementor-container elementor-column-gap-no\">\n\t\t\t\t\t<div class=\"elementor-column elementor-col-50 elementor-inner-column elementor-element elementor-element-afb5dee\" data-id=\"afb5dee\" data-element_type=\"column\">\n\t\t\t<div class=\"elementor-widget-wrap elementor-element-populated\">\n\t\t\t\t\t\t<div class=\"elementor-element elementor-element-4fea4b7 elementor-widget elementor-widget-heading\" data-id=\"4fea4b7\" data-element_type=\"widget\" data-widget_type=\"heading.default\">\n\t\t\t\t<div class=\"elementor-widget-container\">\n\t\t\t\t\t<h5 class=\"elementor-heading-title elementor-size-default\">\n<\/h5>\t\t\t\t<\/div>\n\t\t\t\t<\/div>\n\t\t\t\t\t<\/div>\n\t\t<\/div>\n\t\t\t\t<div class=\"elementor-column elementor-col-50 elementor-inner-column elementor-element elementor-element-286d7bf\" data-id=\"286d7bf\" data-element_type=\"column\">\n\t\t\t<div class=\"elementor-widget-wrap elementor-element-populated\">\n\t\t\t\t\t\t<div class=\"elementor-element elementor-element-9f7cca1 elementor-widget elementor-widget-text-editor\" data-id=\"9f7cca1\" data-element_type=\"widget\" data-widget_type=\"text-editor.default\">\n\t\t\t\t<div class=\"elementor-widget-container\">\n\t\t\t\t\t\t\t\t\t<p>&#8220;No\u0137er mani&#8221; organiz\u0113 vieglatl\u0113tikas un visp\u0101r\u0113j\u0101s fizisk\u0101s sagatavot\u012bbas nodarb\u012bbas, kuru ietvaros b\u0113rni att\u012bsta \u0161\u0101das \u012bpa\u0161\u012bbas (koordin\u0101cija, lokan\u012bba, veikl\u012bba, \u0101trums, pareiza elpo\u0161ana, prasme sadarboties grup\u0101 un citas).<\/p>\n<p>Nodarb\u012bbas iedal\u0101s p\u0113c vecumiem un prasm\u0113m-<\/p>\n<p>3-4 gad\u012bgi b\u0113rni tren\u0113jas kop\u0101 ar vec\u0101kiem<\/p>\n<p>5-6 gad\u012bgi apg\u016bst pamatprasmes<\/p>\n<p>7+ gatavojas sacens\u012bb\u0101m gan Latvij\u0101, gan \u0101rzem\u0113s. Dodas uz treni\u0146nometn\u0113m un pilnveido savas iema\u0146as vieglatl\u0113tik\u0101.<\/p>\n<p>NO\u0136ER MANI veido vien\u012bgo sporta \u017eurn\u0101lu Latvij\u0101 un Eirop\u0101, kur b\u0113rni m\u0101c\u0101s las\u012bt, rakst\u012bt, r\u0113\u0137in\u0101t caur sportu- kustoties.&nbsp; Tas ir izcils veids, k\u0101 padar\u012bt m\u0101c\u012b\u0161an\u0101s procesu jautru un aizraujo\u0161u<\/p>\t\t\t\t\t\t\t\t<\/div>\n\t\t\t\t<\/div>\n\t\t\t\t<div class=\"elementor-element elementor-element-40b8d4f elementor-widget elementor-widget-text-editor\" data-id=\"40b8d4f\" data-element_type=\"widget\" data-widget_type=\"text-editor.default\">\n\t\t\t\t<div class=\"elementor-widget-container\">\n\t\t\t\t\t\t\t\t\t<p><strong>K\u0101 rad\u0101s &#8220;No\u0137er mani&#8221;?<\/strong> Edgars K\u013cavi\u0146\u0161 v\u0113l b\u016bdams students vad\u012bja b\u0113rnud\u0101rz\u0101 &#8220;Kripati\u0146as&#8221; sporta nodarb\u012bbas, no 2 l\u012bdz 4 gadu vecuma b\u0113rniem. \u0160is darbs vi\u0146u nereizi nav apgr\u016btin\u0101jis, bet gan devis tikai papildus emocijas un smaidu visai dienai. Edgars uzskata, ka sav\u0101 dz\u012bv\u0113 daudz ir sa\u0146\u0113mis no citiem cilv\u0113kiem, kas ir pal\u012bdz\u0113ju\u0161i, lai sasniegtu to, ko tagad vi\u0146\u0161 ir sasniedzis- t\u0101p\u0113c ir \u012bstais laiks, lai var\u0113tu dot savu ener\u0123iju, zin\u0101\u0161anas un dz\u012bves prieku citiem.<\/p>\t\t\t\t\t\t\t\t<\/div>\n\t\t\t\t<\/div>\n\t\t\t\t\t<\/div>\n\t\t<\/div>\n\t\t\t\t\t<\/div>\n\t\t<\/section>\n\t\t\t\t\t<\/div>\n\t\t<\/div>\n\t\t\t\t\t<\/div>\n\t\t<\/section>\n\t\t\t\t<section class=\"elementor-section elementor-top-section elementor-element elementor-element-f4206ec elementor-section-boxed elementor-section-height-default elementor-section-height-default\" data-id=\"f4206ec\" data-element_type=\"section\">\n\t\t\t\t\t\t<div class=\"elementor-container elementor-column-gap-default\">\n\t\t\t\t\t<div class=\"elementor-column elementor-col-100 elementor-top-column elementor-element elementor-element-bd121e2\" data-id=\"bd121e2\" data-element_type=\"column\">\n\t\t\t<div class=\"elementor-widget-wrap elementor-element-populated\">\n\t\t\t\t\t\t<div class=\"elementor-element elementor-element-131ca92 elementor-grid-3 elementor-grid-tablet-2 elementor-grid-mobile-1 elementor-posts--thumbnail-top elementor-widget elementor-widget-posts\" data-id=\"131ca92\" data-element_type=\"widget\" data-settings=\"{&quot;classic_columns&quot;:&quot;3&quot;,&quot;classic_columns_tablet&quot;:&quot;2&quot;,&quot;classic_columns_mobile&quot;:&quot;1&quot;,&quot;classic_row_gap&quot;:{&quot;unit&quot;:&quot;px&quot;,&quot;size&quot;:35,&quot;sizes&quot;:[]},&quot;classic_row_gap_tablet&quot;:{&quot;unit&quot;:&quot;px&quot;,&quot;size&quot;:&quot;&quot;,&quot;sizes&quot;:[]},&quot;classic_row_gap_mobile&quot;:{&quot;unit&quot;:&quot;px&quot;,&quot;size&quot;:&quot;&quot;,&quot;sizes&quot;:[]}}\" data-widget_type=\"posts.classic\">\n\t\t\t\t<div class=\"elementor-widget-container\">\n\t\t\t\t\t\t\t<div class=\"elementor-posts-container elementor-posts elementor-posts--skin-classic elementor-grid\">\n\t\t\t\t<article class=\"elementor-post elementor-grid-item post-2607 post type-post status-publish format-standard has-post-thumbnail hentry category-par-mums\">\n\t\t\t\t<a class=\"elementor-post__thumbnail__link\" href=\"https:\/\/nokermani.lv\/?p=2607\" >\n\t\t\t<div class=\"elementor-post__thumbnail\"><img decoding=\"async\" width=\"1\" height=\"1\" src=\"https:\/\/nokermani.lv\/wp-content\/uploads\/2025\/01\/7-2.jpeg\" class=\"attachment-medium size-medium wp-image-2754\" alt=\"\" \/><\/div>\n\t\t<\/a>\n\t\t\t\t<div class=\"elementor-post__text\">\n\t\t\t\t<h3 class=\"elementor-post__title\">\n\t\t\t<a href=\"https:\/\/nokermani.lv\/?p=2607\" >\n\t\t\t\tK\u0101du sporta veidu izv\u0113l\u0113ties b\u0113rniem? Atbild treneris Edgars K\u013cavi\u0146\u0161\t\t\t<\/a>\n\t\t<\/h3>\n\t\t\t\t<div class=\"elementor-post__meta-data\">\n\t\t\t\t\t<span class=\"elementor-post-date\">\n\t\t\t23 febru\u0101ris, 2025\t\t<\/span>\n\t\t\t\t<\/div>\n\t\t\t\t<div class=\"elementor-post__excerpt\">\n\t\t\t<p>K\u0101du sporta veidu izv\u0113l\u0113ties b\u0113rniem? Noskaties trenera Edgara K\u013cavi\u0146a video un rod atbildes uz \u0161o jaut\u0101jumu. 0:01 Kas ir No\u0137er mani 01:10 K\u0101du sporta veidu<\/p>\n\t\t<\/div>\n\t\t\n\t\t<a class=\"elementor-post__read-more\" href=\"https:\/\/nokermani.lv\/?p=2607\" aria-label=\"Read more about K\u0101du sporta veidu izv\u0113l\u0113ties b\u0113rniem? Atbild treneris Edgars K\u013cavi\u0146\u0161\" >\n\t\t\tLas\u012bt vair\u0101k...\t\t<\/a>\n\n\t\t\t\t<\/div>\n\t\t\t\t<\/article>\n\t\t\t\t<article class=\"elementor-post elementor-grid-item post-2537 post type-post status-publish format-standard has-post-thumbnail hentry category-par-mums\">\n\t\t\t\t<a class=\"elementor-post__thumbnail__link\" href=\"https:\/\/nokermani.lv\/?p=2537\" >\n\t\t\t<div class=\"elementor-post__thumbnail\"><img fetchpriority=\"high\" decoding=\"async\" width=\"300\" height=\"225\" src=\"https:\/\/nokermani.lv\/wp-content\/uploads\/2025\/01\/image-2-300x225.jpeg\" class=\"attachment-medium size-medium wp-image-2538\" alt=\"\" srcset=\"https:\/\/nokermani.lv\/wp-content\/uploads\/2025\/01\/image-2-300x225.jpeg 300w, https:\/\/nokermani.lv\/wp-content\/uploads\/2025\/01\/image-2.jpeg 480w\" sizes=\"(max-width: 300px) 100vw, 300px\" \/><\/div>\n\t\t<\/a>\n\t\t\t\t<div class=\"elementor-post__text\">\n\t\t\t\t<h3 class=\"elementor-post__title\">\n\t\t\t<a href=\"https:\/\/nokermani.lv\/?p=2537\" >\n\t\t\t\tCilv\u0113kjauda &#8211; intervija ar treneri Edgaru K\u013cavi\u0146u\t\t\t<\/a>\n\t\t<\/h3>\n\t\t\t\t<div class=\"elementor-post__meta-data\">\n\t\t\t\t\t<span class=\"elementor-post-date\">\n\t\t\t23 febru\u0101ris, 2025\t\t<\/span>\n\t\t\t\t<\/div>\n\t\t\t\t<div class=\"elementor-post__excerpt\">\n\t\t\t<p>Treneris, vieglatl\u0113ts, Londonas paralimpisko sp\u0113\u013cu dal\u012bbnieks Edgars K\u013cavi\u0146\u0161 ir k\u0101 jaud\u012bgu vitam\u012bnu deva. Vi\u0146a pragmatiskais optimisms un neatlaid\u012bba sapurina un iedvesmo. Lai mums katram iedvesma<\/p>\n\t\t<\/div>\n\t\t\n\t\t<a class=\"elementor-post__read-more\" href=\"https:\/\/nokermani.lv\/?p=2537\" aria-label=\"Read more about Cilv\u0113kjauda &#8211; intervija ar treneri Edgaru K\u013cavi\u0146u\" >\n\t\t\tLas\u012bt vair\u0101k...\t\t<\/a>\n\n\t\t\t\t<\/div>\n\t\t\t\t<\/article>\n\t\t\t\t<article class=\"elementor-post elementor-grid-item post-2486 post type-post status-publish format-standard has-post-thumbnail hentry category-par-mums\">\n\t\t\t\t<a class=\"elementor-post__thumbnail__link\" href=\"https:\/\/nokermani.lv\/?p=2486\" >\n\t\t\t<div class=\"elementor-post__thumbnail\"><img decoding=\"async\" width=\"300\" height=\"184\" src=\"https:\/\/nokermani.lv\/wp-content\/uploads\/2025\/01\/Screenshot-2025-01-24-at-14.16.58-300x184.png\" class=\"attachment-medium size-medium wp-image-2487\" alt=\"\" srcset=\"https:\/\/nokermani.lv\/wp-content\/uploads\/2025\/01\/Screenshot-2025-01-24-at-14.16.58-300x184.png 300w, https:\/\/nokermani.lv\/wp-content\/uploads\/2025\/01\/Screenshot-2025-01-24-at-14.16.58-1024x627.png 1024w, https:\/\/nokermani.lv\/wp-content\/uploads\/2025\/01\/Screenshot-2025-01-24-at-14.16.58-768x470.png 768w, https:\/\/nokermani.lv\/wp-content\/uploads\/2025\/01\/Screenshot-2025-01-24-at-14.16.58-1536x941.png 1536w, https:\/\/nokermani.lv\/wp-content\/uploads\/2025\/01\/Screenshot-2025-01-24-at-14.16.58-600x368.png 600w, https:\/\/nokermani.lv\/wp-content\/uploads\/2025\/01\/Screenshot-2025-01-24-at-14.16.58.png 1822w\" sizes=\"(max-width: 300px) 100vw, 300px\" \/><\/div>\n\t\t<\/a>\n\t\t\t\t<div class=\"elementor-post__text\">\n\t\t\t\t<h3 class=\"elementor-post__title\">\n\t\t\t<a href=\"https:\/\/nokermani.lv\/?p=2486\" >\n\t\t\t\tIntervija ar &#8220;No\u0137er mani&#8221; rad\u012bt\u0101ju Edgaru K\u013cavi\u0146u &#8211; Motiv\u0101cija k\u013c\u016bt izcil\u0101kam.\t\t\t<\/a>\n\t\t<\/h3>\n\t\t\t\t<div class=\"elementor-post__meta-data\">\n\t\t\t\t\t<span class=\"elementor-post-date\">\n\t\t\t17 febru\u0101ris, 2025\t\t<\/span>\n\t\t\t\t<\/div>\n\t\t\t\t<div class=\"elementor-post__excerpt\">\n\t\t\t<p>Interviju vari apskat\u012bti \u0161eit.<\/p>\n\t\t<\/div>\n\t\t\n\t\t<a class=\"elementor-post__read-more\" href=\"https:\/\/nokermani.lv\/?p=2486\" aria-label=\"Read more about Intervija ar &#8220;No\u0137er mani&#8221; rad\u012bt\u0101ju Edgaru K\u013cavi\u0146u &#8211; Motiv\u0101cija k\u013c\u016bt izcil\u0101kam.\" >\n\t\t\tLas\u012bt vair\u0101k...\t\t<\/a>\n\n\t\t\t\t<\/div>\n\t\t\t\t<\/article>\n\t\t\t\t<\/div>\n\t\t\n\t\t\t\t\t\t<\/div>\n\t\t\t\t<\/div>\n\t\t\t\t\t<\/div>\n\t\t<\/div>\n\t\t\t\t\t<\/div>\n\t\t<\/section>\n\t\t\t\t<section class=\"elementor-section elementor-top-section elementor-element elementor-element-572f6ff elementor-section-boxed elementor-section-height-default elementor-section-height-default\" data-id=\"572f6ff\" data-element_type=\"section\">\n\t\t\t\t\t\t<div class=\"elementor-container elementor-column-gap-no\">\n\t\t\t\t\t<div class=\"elementor-column elementor-col-100 elementor-top-column elementor-element elementor-element-e5743e3\" data-id=\"e5743e3\" data-element_type=\"column\">\n\t\t\t<div class=\"elementor-widget-wrap elementor-element-populated\">\n\t\t\t\t\t\t<div class=\"elementor-element elementor-element-94d1784 elementor-widget elementor-widget-heading\" data-id=\"94d1784\" data-element_type=\"widget\" data-widget_type=\"heading.default\">\n\t\t\t\t<div class=\"elementor-widget-container\">\n\t\t\t\t\t<h2 class=\"elementor-heading-title elementor-size-default\">K\u0101 m\u0113s str\u0101d\u0101jam<\/h2>\t\t\t\t<\/div>\n\t\t\t\t<\/div>\n\t\t\t\t<div class=\"elementor-element elementor-element-e042a92 elementor-widget-divider--view-line elementor-widget elementor-widget-divider\" data-id=\"e042a92\" data-element_type=\"widget\" data-widget_type=\"divider.default\">\n\t\t\t\t<div class=\"elementor-widget-container\">\n\t\t\t\t\t\t\t<div class=\"elementor-divider\">\n\t\t\t<span class=\"elementor-divider-separator\">\n\t\t\t\t\t\t<\/span>\n\t\t<\/div>\n\t\t\t\t\t\t<\/div>\n\t\t\t\t<\/div>\n\t\t\t\t<section class=\"elementor-section elementor-inner-section elementor-element elementor-element-bf4af99 elementor-section-boxed elementor-section-height-default elementor-section-height-default\" data-id=\"bf4af99\" data-element_type=\"section\">\n\t\t\t\t\t\t<div class=\"elementor-container elementor-column-gap-no\">\n\t\t\t\t\t<div class=\"elementor-column elementor-col-100 elementor-inner-column elementor-element elementor-element-6a9fd7f\" data-id=\"6a9fd7f\" data-element_type=\"column\">\n\t\t\t<div class=\"elementor-widget-wrap elementor-element-populated\">\n\t\t\t\t\t\t<div class=\"elementor-element elementor-element-9a90475 elementor-widget elementor-widget-heading\" data-id=\"9a90475\" data-element_type=\"widget\" data-widget_type=\"heading.default\">\n\t\t\t\t<div class=\"elementor-widget-container\">\n\t\t\t\t\t<h6 class=\"elementor-heading-title elementor-size-default\">M\u016bsu misija<\/h6>\t\t\t\t<\/div>\n\t\t\t\t<\/div>\n\t\t\t\t<div class=\"elementor-element elementor-element-b74443e elementor-widget elementor-widget-heading\" data-id=\"b74443e\" data-element_type=\"widget\" data-widget_type=\"heading.default\">\n\t\t\t\t<div class=\"elementor-widget-container\">\n\t\t\t\t\t<h5 class=\"elementor-heading-title elementor-size-default\">\"No\u0137er mani\" misija - Lai b\u0113rni jau pirmajos dz\u012bves gados m\u012bl kust\u0113ties un bauda \u0161o procesu, lai sports ir vi\u0146u ikdiena. \n<\/h5>\t\t\t\t<\/div>\n\t\t\t\t<\/div>\n\t\t\t\t\t<\/div>\n\t\t<\/div>\n\t\t\t\t\t<\/div>\n\t\t<\/section>\n\t\t\t\t\t<\/div>\n\t\t<\/div>\n\t\t\t\t\t<\/div>\n\t\t<\/section>\n\t\t\t\t<\/div>\n\t\t","protected":false},"excerpt":{"rendered":"<p>Kas m\u0113s esam? &#8220;No\u0137er mani&#8221; organiz\u0113 vieglatl\u0113tikas un visp\u0101r\u0113j\u0101s fizisk\u0101s sagatavot\u012bbas nodarb\u012bbas, kuru ietvaros b\u0113rni att\u012bsta \u0161\u0101das \u012bpa\u0161\u012bbas (koordin\u0101cija, lokan\u012bba, veikl\u012bba, \u0101trums, pareiza elpo\u0161ana, prasme sadarboties grup\u0101 un citas). Nodarb\u012bbas iedal\u0101s p\u0113c vecumiem un prasm\u0113m- 3-4 gad\u012bgi b\u0113rni tren\u0113jas kop\u0101 ar vec\u0101kiem 5-6 gad\u012bgi apg\u016bst pamatprasmes 7+ gatavojas sacens\u012bb\u0101m gan Latvij\u0101, gan \u0101rzem\u0113s. Dodas uz &hellip;<\/p>\n<p class=\"read-more\"> <a class=\"\" href=\"https:\/\/nokermani.lv\/?p=2486\"> <span class=\"screen-reader-text\">Intervija ar &#8220;No\u0137er mani&#8221; rad\u012bt\u0101ju Edgaru K\u013cavi\u0146u &#8211; Motiv\u0101cija k\u013c\u016bt izcil\u0101kam.<\/span> Read More &raquo;<\/a><\/p>\n","protected":false},"author":1,"featured_media":0,"parent":0,"menu_order":0,"comment_status":"closed","ping_status":"closed","template":"elementor_header_footer","meta":{"site-sidebar-layout":"no-sidebar","site-content-layout":"page-builder","ast-global-header-display":"","ast-main-header-display":"","ast-hfb-above-header-display":"","ast-hfb-below-header-display":"","ast-hfb-mobile-header-display":"","site-post-title":"disabled","ast-breadcrumbs-content":"disabled","ast-featured-img":"disabled","footer-sml-layout":"","theme-transparent-header-meta":"enabled","adv-header-id-meta":"","stick-header-meta":"","header-above-stick-meta":"","header-main-stick-meta":"","header-below-stick-meta":"","footnotes":""},"class_list":["post-349","page","type-page","status-publish","hentry"],"_links":{"self":[{"href":"https:\/\/nokermani.lv\/index.php?rest_route=\/wp\/v2\/pages\/349","targetHints":{"allow":["GET"]}}],"collection":[{"href":"https:\/\/nokermani.lv\/index.php?rest_route=\/wp\/v2\/pages"}],"about":[{"href":"https:\/\/nokermani.lv\/index.php?rest_route=\/wp\/v2\/types\/page"}],"author":[{"embeddable":true,"href":"https:\/\/nokermani.lv\/index.php?rest_route=\/wp\/v2\/users\/1"}],"replies":[{"embeddable":true,"href":"https:\/\/nokermani.lv\/index.php?rest_route=%2Fwp%2Fv2%2Fcomments&post=349"}],"version-history":[{"count":6,"href":"https:\/\/nokermani.lv\/index.php?rest_route=\/wp\/v2\/pages\/349\/revisions"}],"predecessor-version":[{"id":3378,"href":"https:\/\/nokermani.lv\/index.php?rest_route=\/wp\/v2\/pages\/349\/revisions\/3378"}],"wp:attachment":[{"href":"https:\/\/nokermani.lv\/index.php?rest_route=%2Fwp%2Fv2%2Fmedia&parent=349"}],"curies":[{"name":"wp","href":"https:\/\/api.w.org\/{rel}","templated":true}]}}