{"id":2291,"date":"2024-11-21T07:58:09","date_gmt":"2024-11-21T07:58:09","guid":{"rendered":"https:\/\/nokermani.lv\/?post_type=product&#038;p=2291"},"modified":"2024-11-25T08:35:05","modified_gmt":"2024-11-25T08:35:05","slug":"meitenu-garie-legingi","status":"publish","type":"product","link":"https:\/\/nokermani.lv\/?product=meitenu-garie-legingi","title":{"rendered":"Meite\u0146u garie legingi"},"content":{"rendered":"<p>Paredz\u0113ti treni\u0146iem, vai iesild\u012b\u0161\u0101n\u0101s laik\u0101. Legingi piegu\u013c\u0101s pie k\u0101j\u0101m netrauc\u0113jot kust\u012bbu apmlit\u016bdu.<\/p>\n<p>&nbsp;<\/p>\n<p><strong>Meite\u0146u sporta bikses<\/strong><br \/>\nArt.-Nr.: JC087J<\/p>\n<ul>\n<li>AWDis CoolFit \u012bpa\u0161ais audums ar elast\u0101nu, kas nodro\u0161ina stiep\u0161anos, komfortu un lielisku piegul\u0161anu<\/li>\n<li>Plakan\u0161uvju deta\u013cas<\/li>\n<li>Elast\u012bga jostasvieta<\/li>\n<li>Plakanas \u0161uves<\/li>\n<li>Pilns garums<\/li>\n<li>Mitrumu novado\u0161s<\/li>\n<li>\u0100tri \u017e\u016bsto\u0161s<\/li>\n<li>Viegls materi\u0101ls<\/li>\n<\/ul>\n<p><strong>Inform\u0101cija:<\/strong><\/p>\n<ul>\n<li>Materi\u0101ls: Elast\u012bgs<\/li>\n<li>Sertifik\u0101ti: Veg\u0101ns<\/li>\n<li>Sast\u0101vs: 87% poliesters \/ 13% elast\u0101ns<\/li>\n<\/ul>\n<p><strong>Funkcionalit\u0101te:<\/strong> Sporta ap\u0123\u0113rbi<br \/>\n<strong>K\u0101jstils:<\/strong> Garas bikses<br \/>\n<strong>Kr\u0101sa:<\/strong> Vienkr\u0101sains<\/p>\n<p><strong>Kop\u0161anas instrukcija:<\/strong> Mazg\u0101jami 30\u00b0C temperat\u016br\u0101<\/p>\n<p><strong>Bik\u0161u veids:<\/strong> Legingi<\/p>\n<p><strong>Izm\u0113ri:<\/strong><br \/>\n3\/4 gadi (XS), 5\/6 gadi (S), 7\/8 gadi (M), 9\/11 gadi (L), 12\/13 gadi (XL)<\/p>\n<p>&nbsp;<\/p>\n","protected":false},"excerpt":{"rendered":"<p>Paredz\u0113ti treni\u0146iem, vai iesild\u012b\u0161\u0101n\u0101s laik\u0101. Legingi piegu\u013c\u0101s pie k\u0101j\u0101m netrauc\u0113jot kust\u012bbu apmlit\u016bdu. &nbsp; Meite\u0146u sporta bikses Art.-Nr.: JC087J AWDis CoolFit \u012bpa\u0161ais audums ar elast\u0101nu, kas nodro\u0161ina stiep\u0161anos, komfortu un lielisku piegul\u0161anu Plakan\u0161uvju deta\u013cas Elast\u012bga jostasvieta Plakanas \u0161uves Pilns garums Mitrumu novado\u0161s \u0100tri \u017e\u016bsto\u0161s Viegls materi\u0101ls Inform\u0101cija: Materi\u0101ls: Elast\u012bgs Sertifik\u0101ti: Veg\u0101ns Sast\u0101vs: 87% poliesters \/ 13% &hellip;<\/p>\n<p class=\"read-more\"> <a class=\"\" href=\"https:\/\/nokermani.lv\/?product=meitenu-garie-legingi\"> <span class=\"screen-reader-text\">Meite\u0146u garie legingi<\/span> Read More &raquo;<\/a><\/p>\n","protected":false},"featured_media":2292,"template":"","meta":{"site-sidebar-layout":"default","site-content-layout":"default","ast-global-header-display":"","ast-main-header-display":"","ast-hfb-above-header-display":"","ast-hfb-below-header-display":"","ast-hfb-mobile-header-display":"","site-post-title":"","ast-breadcrumbs-content":"","ast-featured-img":"","footer-sml-layout":"","theme-transparent-header-meta":"default","adv-header-id-meta":"","stick-header-meta":"","header-above-stick-meta":"","header-main-stick-meta":"","header-below-stick-meta":""},"product_brand":[],"product_cat":[45],"product_tag":[],"class_list":{"0":"post-2291","1":"product","2":"type-product","3":"status-publish","4":"has-post-thumbnail","6":"product_cat-bernu-apgerbs","7":"desktop-align-center","8":"tablet-align-left","9":"mobile-align-left","11":"first","12":"instock","13":"taxable","14":"shipping-taxable","15":"purchasable","16":"product-type-variable"},"_links":{"self":[{"href":"https:\/\/nokermani.lv\/index.php?rest_route=\/wp\/v2\/product\/2291","targetHints":{"allow":["GET"]}}],"collection":[{"href":"https:\/\/nokermani.lv\/index.php?rest_route=\/wp\/v2\/product"}],"about":[{"href":"https:\/\/nokermani.lv\/index.php?rest_route=\/wp\/v2\/types\/product"}],"wp:featuredmedia":[{"embeddable":true,"href":"https:\/\/nokermani.lv\/index.php?rest_route=\/wp\/v2\/media\/2292"}],"wp:attachment":[{"href":"https:\/\/nokermani.lv\/index.php?rest_route=%2Fwp%2Fv2%2Fmedia&parent=2291"}],"wp:term":[{"taxonomy":"product_brand","embeddable":true,"href":"https:\/\/nokermani.lv\/index.php?rest_route=%2Fwp%2Fv2%2Fproduct_brand&post=2291"},{"taxonomy":"product_cat","embeddable":true,"href":"https:\/\/nokermani.lv\/index.php?rest_route=%2Fwp%2Fv2%2Fproduct_cat&post=2291"},{"taxonomy":"product_tag","embeddable":true,"href":"https:\/\/nokermani.lv\/index.php?rest_route=%2Fwp%2Fv2%2Fproduct_tag&post=2291"}],"curies":[{"name":"wp","href":"https:\/\/api.w.org\/{rel}","templated":true}]}}