{"id":2325,"date":"2024-11-21T08:42:10","date_gmt":"2024-11-21T08:42:10","guid":{"rendered":"https:\/\/nokermani.lv\/?post_type=product&#038;p=2325"},"modified":"2024-11-25T09:24:36","modified_gmt":"2024-11-25T09:24:36","slug":"mugursoma","status":"publish","type":"product","link":"https:\/\/nokermani.lv\/?product=mugursoma","title":{"rendered":"Sporta mugursoma"},"content":{"rendered":"<p><strong>Sporta mugursoma<\/strong><br \/>\nArt.-Nr.: HF0780<\/p>\n<ul>\n<li>Galvenais nodal\u012bjums ar nostiprin\u0101\u0161anas siksn\u0101m<\/li>\n<li>Plakana, polster\u0113ta kabata MP3 atska\u0146ot\u0101jam<\/li>\n<li>Atvere austi\u0146\u0101m<\/li>\n<li>Roktura cilpa<\/li>\n<li>Divas priek\u0161\u0113j\u0101s kabatas ar r\u0101v\u0113jsl\u0113dz\u0113ju<\/li>\n<li>Polster\u0113ta muguras da\u013ca<\/li>\n<li>Ergonomiski veidotas plecu siksnas<\/li>\n<li>Jostas siksna<\/li>\n<li>Dekorat\u012bvs t\u012bkls un auklas apdare<\/li>\n<li>420D neilons<\/li>\n<li>Tilpums: aptuveni 21 litrs<\/li>\n<\/ul>\n<p><strong>Inform\u0101cija:<\/strong><\/p>\n<ul>\n<li>Sertifik\u0101ti: God\u012bgi darba apst\u0101k\u013ci<\/li>\n<li>Sast\u0101vs: Neilons<\/li>\n<\/ul>\n<p><strong>Kop\u0161anas instrukcija:<\/strong> Nav mazg\u0101jama<\/p>\n<p><strong>Somas veids:<\/strong> Mugursomas<br \/>\n<strong>Tilpums:<\/strong> 20-29 litri<\/p>\n<p><strong>Izm\u0113rs:<\/strong><br \/>\n30 x 41 x 14 cm<\/p>\n<p>&nbsp;<\/p>\n","protected":false},"excerpt":{"rendered":"<p>Sporta mugursoma Art.-Nr.: HF0780 Galvenais nodal\u012bjums ar nostiprin\u0101\u0161anas siksn\u0101m Plakana, polster\u0113ta kabata MP3 atska\u0146ot\u0101jam Atvere austi\u0146\u0101m Roktura cilpa Divas priek\u0161\u0113j\u0101s kabatas ar r\u0101v\u0113jsl\u0113dz\u0113ju Polster\u0113ta muguras da\u013ca Ergonomiski veidotas plecu siksnas Jostas siksna Dekorat\u012bvs t\u012bkls un auklas apdare 420D neilons Tilpums: aptuveni 21 litrs Inform\u0101cija: Sertifik\u0101ti: God\u012bgi darba apst\u0101k\u013ci Sast\u0101vs: Neilons Kop\u0161anas instrukcija: Nav mazg\u0101jama Somas &hellip;<\/p>\n<p class=\"read-more\"> <a class=\"\" href=\"https:\/\/nokermani.lv\/?product=mugursoma\"> <span class=\"screen-reader-text\">Sporta mugursoma<\/span> Read More &raquo;<\/a><\/p>\n","protected":false},"featured_media":2326,"template":"","meta":{"site-sidebar-layout":"default","site-content-layout":"default","ast-global-header-display":"","ast-main-header-display":"","ast-hfb-above-header-display":"","ast-hfb-below-header-display":"","ast-hfb-mobile-header-display":"","site-post-title":"","ast-breadcrumbs-content":"","ast-featured-img":"","footer-sml-layout":"","theme-transparent-header-meta":"default","adv-header-id-meta":"","stick-header-meta":"","header-above-stick-meta":"","header-main-stick-meta":"","header-below-stick-meta":""},"product_brand":[],"product_cat":[45,44,43],"product_tag":[],"class_list":{"0":"post-2325","1":"product","2":"type-product","3":"status-publish","4":"has-post-thumbnail","6":"product_cat-bernu-apgerbs","7":"product_cat-sieviesu-apgerbs","8":"product_cat-viriesu-apgerbs","9":"desktop-align-center","10":"tablet-align-left","11":"mobile-align-left","13":"first","14":"instock","15":"taxable","16":"shipping-taxable","17":"purchasable","18":"product-type-simple"},"_links":{"self":[{"href":"https:\/\/nokermani.lv\/index.php?rest_route=\/wp\/v2\/product\/2325","targetHints":{"allow":["GET"]}}],"collection":[{"href":"https:\/\/nokermani.lv\/index.php?rest_route=\/wp\/v2\/product"}],"about":[{"href":"https:\/\/nokermani.lv\/index.php?rest_route=\/wp\/v2\/types\/product"}],"wp:featuredmedia":[{"embeddable":true,"href":"https:\/\/nokermani.lv\/index.php?rest_route=\/wp\/v2\/media\/2326"}],"wp:attachment":[{"href":"https:\/\/nokermani.lv\/index.php?rest_route=%2Fwp%2Fv2%2Fmedia&parent=2325"}],"wp:term":[{"taxonomy":"product_brand","embeddable":true,"href":"https:\/\/nokermani.lv\/index.php?rest_route=%2Fwp%2Fv2%2Fproduct_brand&post=2325"},{"taxonomy":"product_cat","embeddable":true,"href":"https:\/\/nokermani.lv\/index.php?rest_route=%2Fwp%2Fv2%2Fproduct_cat&post=2325"},{"taxonomy":"product_tag","embeddable":true,"href":"https:\/\/nokermani.lv\/index.php?rest_route=%2Fwp%2Fv2%2Fproduct_tag&post=2325"}],"curies":[{"name":"wp","href":"https:\/\/api.w.org\/{rel}","templated":true}]}}