{"id":2420,"date":"2024-12-09T18:51:18","date_gmt":"2024-12-09T18:51:18","guid":{"rendered":"https:\/\/nokermani.lv\/?post_type=product&#038;p=2420"},"modified":"2025-12-30T10:07:11","modified_gmt":"2025-12-30T10:07:11","slug":"divpuseja-magnetu-tafele-ar-speli","status":"publish","type":"product","link":"https:\/\/nokermani.lv\/?product=divpuseja-magnetu-tafele-ar-speli","title":{"rendered":"Divpus\u0113ja magn\u0113tu t\u0101fele ar sp\u0113li"},"content":{"rendered":"<div>Vai zini to br\u012bdi, kad m\u0101j\u0101s ir aizdom\u012bgs klusums?<\/div>\n<div>Un kas par prieku mammai, redzot, ka klusums n\u0101k no aizraut\u012bgas z\u012bm\u0113\u0161anas!<\/div>\n<div>Tie\u0161i \u0161\u0101dus br\u012b\u017eus m\u0113s piedz\u012bvoj\u0101m, kad m\u016bsu m\u0101j\u0101s par\u0101d\u012bj\u0101s \u0161\u012b t\u0101fele.<\/div>\n<div><\/div>\n<div>Divpus\u0113j\u0101 t\u0101fele, kur no vienas puses var z\u012bm\u0113t ar kr\u012bti\u0146iem un no otras puses atrodas magn\u0113tisk\u0101 t\u0101fele, kur var rado\u0161i izpausties un veidot da\u017e\u0101dus t\u0113lus no magn\u0113ti\u0146iem.<\/div>\n<div><\/div>\n<div>\u012apa\u0161\u012bbas:<\/div>\n<div><\/div>\n<div>&#8211; Komplekt\u0101 ietilpst: divpus\u0113ja t\u0101fele, kr\u012bts, s\u016bklis, magn\u0113ti un kart\u012btes ar att\u0113liem.<\/div>\n<div><\/div>\n<div>&#8211; Divpus\u0113ja t\u0101fele: z\u012bm\u0113\u0161anas un magn\u0113tiska.<\/div>\n<div><\/div>\n<div>&#8211; T\u0101fele izgatavota no augstas kvalit\u0101tes koka.<\/div>\n<div><\/div>\n<div><\/div>\n<div><\/div>\n<div>SP\u0112LE att\u012bsta:<\/div>\n<div><\/div>\n<div>&#8211; rado\u0161ums,<\/div>\n<div><\/div>\n<div>&#8211; izt\u0113le,<\/div>\n<div><\/div>\n<div>&#8211; m\u0101ksliniecisk\u0101s sp\u0113jas,<\/div>\n<div><\/div>\n<div>&#8211; sp\u0113ja atpaz\u012bt kr\u0101sas un formas,<\/div>\n<div><\/div>\n<div>&#8211; motorisk\u0101s prasmes,<\/div>\n<div><\/div>\n<div>&#8211; fizikas principu zin\u0101\u0161anas<\/div>\n","protected":false},"excerpt":{"rendered":"<p>Vai zini to br\u012bdi, kad m\u0101j\u0101s ir aizdom\u012bgs klusums? Un kas par prieku mammai, redzot, ka klusums n\u0101k no aizraut\u012bgas z\u012bm\u0113\u0161anas! Tie\u0161i \u0161\u0101dus br\u012b\u017eus m\u0113s piedz\u012bvoj\u0101m, kad m\u016bsu m\u0101j\u0101s par\u0101d\u012bj\u0101s \u0161\u012b t\u0101fele. Divpus\u0113j\u0101 t\u0101fele, kur no vienas puses var z\u012bm\u0113t ar kr\u012bti\u0146iem un no otras puses atrodas magn\u0113tisk\u0101 t\u0101fele, kur var rado\u0161i izpausties un veidot &hellip;<\/p>\n<p class=\"read-more\"> <a class=\"\" href=\"https:\/\/nokermani.lv\/?product=divpuseja-magnetu-tafele-ar-speli\"> <span class=\"screen-reader-text\">Divpus\u0113ja magn\u0113tu t\u0101fele ar sp\u0113li<\/span> Read More &raquo;<\/a><\/p>\n","protected":false},"featured_media":2422,"template":"","meta":{"site-sidebar-layout":"default","site-content-layout":"default","ast-global-header-display":"","ast-main-header-display":"","ast-hfb-above-header-display":"","ast-hfb-below-header-display":"","ast-hfb-mobile-header-display":"","site-post-title":"","ast-breadcrumbs-content":"","ast-featured-img":"","footer-sml-layout":"","theme-transparent-header-meta":"default","adv-header-id-meta":"","stick-header-meta":"","header-above-stick-meta":"","header-main-stick-meta":"","header-below-stick-meta":""},"product_brand":[],"product_cat":[46],"product_tag":[],"class_list":{"0":"post-2420","1":"product","2":"type-product","3":"status-publish","4":"has-post-thumbnail","6":"product_cat-rotallietas","7":"desktop-align-center","8":"tablet-align-left","9":"mobile-align-left","11":"first","12":"outofstock","13":"taxable","14":"shipping-taxable","15":"purchasable","16":"product-type-simple"},"_links":{"self":[{"href":"https:\/\/nokermani.lv\/index.php?rest_route=\/wp\/v2\/product\/2420","targetHints":{"allow":["GET"]}}],"collection":[{"href":"https:\/\/nokermani.lv\/index.php?rest_route=\/wp\/v2\/product"}],"about":[{"href":"https:\/\/nokermani.lv\/index.php?rest_route=\/wp\/v2\/types\/product"}],"wp:featuredmedia":[{"embeddable":true,"href":"https:\/\/nokermani.lv\/index.php?rest_route=\/wp\/v2\/media\/2422"}],"wp:attachment":[{"href":"https:\/\/nokermani.lv\/index.php?rest_route=%2Fwp%2Fv2%2Fmedia&parent=2420"}],"wp:term":[{"taxonomy":"product_brand","embeddable":true,"href":"https:\/\/nokermani.lv\/index.php?rest_route=%2Fwp%2Fv2%2Fproduct_brand&post=2420"},{"taxonomy":"product_cat","embeddable":true,"href":"https:\/\/nokermani.lv\/index.php?rest_route=%2Fwp%2Fv2%2Fproduct_cat&post=2420"},{"taxonomy":"product_tag","embeddable":true,"href":"https:\/\/nokermani.lv\/index.php?rest_route=%2Fwp%2Fv2%2Fproduct_tag&post=2420"}],"curies":[{"name":"wp","href":"https:\/\/api.w.org\/{rel}","templated":true}]}}